 of ((-150)/20)/(-5)*512/6?
8
Let q(n) be the second derivative of 1/3*n**3 + 3/2*n**2 - 2/3*n**4 - 2*n + 1/20*n**5 + 0. What is the tens digit of q(8)?
1
What is the thousands digit of ((-34)/(-4))/(155/93930)?
5
Let u(i) = i**3 - 12*i**2 + 10*i + 11. Let d be u(11). Suppose d = c - 0*c - 30. Suppose m = -2*m - 3*n + c, -m = 4*n + 5. What is the units digit of m?
5
Let v be (-11)/((-11)/6) + -1. Suppose -118 = -v*n + 92. What is the tens digit of n?
4
Let v(w) = 23*w**2 - 9*w + 47. What is the hundreds digit of v(4)?
3
Let j = -18 - -23. Suppose 3*h + 234 - 12 = 3*f, 2*f - 3*h = 148. Suppose j*c + 24 = f. What is the tens digit of c?
1
Suppose -5*a + 460 - 15 = 0. Suppose -4*u + 377 = a. What is the units digit of u?
2
Let x = 1265 + -539. What is the hundreds digit of x?
7
Let b be 138/(-27) - 1/(-9). Let p = b - -8. What is the units digit of p?
3
Let q be (1 + -2 - 1) + 4. Suppose 0 = 4*z - q*a - 26, 2*z - 7*z - 4*a = 0. What is the units digit of z/(-22) - (-285)/55?
5
Let x = 20 - 13. Suppose q - x = -1. Suppose 2*t + q - 4 = a, 5*a + t = 32. What is the units digit of a?
6
What is the units digit of (-231)/(-99)*(0 - -717)?
3
Let x = 782 - -314. What is the tens digit of x?
9
Suppose -8*d = -4*l - 3*d + 6422, 0 = 4*l - d - 6430. What is the hundreds digit of l?
6
Let w = 61 - 58. Suppose 0 = -w*l - 81 + 345. What is the tens digit of l?
8
Suppose -3*m + 110 - 38 = 0. Let k = m - -7. What is the units digit of k?
1
What is the tens digit of (-6)/(-39) + 269784/117?
0
Let t be 5*((-4)/(-3) - 165/225). Let g = 47 + -32. Suppose -t*b - 2*b = g, 4*h - b = 55. What is the tens digit of h?
1
Let u(n) = -n + 15. Let y be u(-10). Suppose 21*l + 152 = y*l. What is the tens digit of l?
3
Let a(x) be the third derivative of 13*x**4/12 - 5*x**3/6 - 7*x**2. What is the tens digit of a(3)?
7
Suppose 4*s - 8*s = -3*c - 196, -c = 5*s - 226. Suppose 0 = 8*t - 10*t + s. What is the units digit of t?
3
Suppose -13*j = -d - 17*j + 2322, 2 = 2*j. What is the hundreds digit of d?
3
Let p = 3244 - -463. What is the tens digit of p?
0
Let s be (-3)/1*22/(-33). Let y(n) = -3*n**3 + 1 + 3*n**2 + 3*n**3 - n**3 + n + 0*n. What is the units digit of y(s)?
7
Let p be (8/52)/(1/13). Let j(r) be the second derivative of 7*r**3/3 + r**2 + r. What is the tens digit of j(p)?
3
Let d(s) = s**2 - 4*s - 4. Let k be d(4). Let u be (-6)/4 - (-22)/k. What is the units digit of (-200)/(-35) - 2/u?
6
Suppose -3*r + 15 = 3*i, -i + 3 = -5*r - 2. Suppose -19 + 4 = -5*x + 3*z, -2*x - 5*z - 25 = r. Suppose y - 48 + 2 = x. What is the tens digit of y?
4
Let c be ((-5)/(-2))/(70/56). What is the units digit of (73/(-4))/(c/(-8))?
3
Let u = 1597 - -1689. What is the units digit of u?
6
Suppose -2*i + 2*q - 68 = 0, -q + 1 - 37 = i. Let r = 1 + i. What is the units digit of r/187 + 1016/22?
6
Let d be 2 + -4 + 4 - 6. What is the hundreds digit of (-970)/(-6) - d/(-6)?
1
Suppose 30 = y - 5. Suppose 7*q = y + 21. What is the units digit of q?
8
Let h be -2*2/1*-1. Suppose -3*d + 5 = h*c, -3*c + 2*d - 6*d - 5 = 0. Suppose 5*o - 171 = z, o - c*z - 22 = -7. What is the units digit of o?
5
Let n = 10 - 12. Let p be (56/(-16))/((-1)/n). What is the units digit of (-35)/p*4/10?
2
Suppose -6*g - 5 = -17. Suppose 5*o + 240 = 5*y, -g*y + 64 = 5*o - 67. What is the tens digit of y?
5
Let a be ((-6)/9)/(25/9 + -3). Suppose 0 = -2*q + a*k + 59, -5*q - 3*k = k - 205. What is the tens digit of q?
3
Let g be 1*(-1)/(4/(-104)). Suppose 4 = 3*v - o - 3*o, -2*v + g = 2*o. Let u(z) = z**3 - 7*z**2 - 6*z. What is the tens digit of u(v)?
1
Suppose 0 = 8*h - 5 - 11. What is the units digit of (-7170)/(-75) + h/5?
6
What is the units digit of 15220/16 - (-9)/12?
2
Let o(g) = -4*g + 1. Let x be o(-6). Suppose -d - 3*f + 5 - x = 0, d = -f - 30. Let y = d - -92. What is the units digit of y?
7
Suppose 0 = 5*u - 4*w - 21, 2*u + 4*w = -u + 19. Suppose 5*c - 7 = 3*s + 161, 0 = -u*s - 5. What is the tens digit of (-22)/c - (-322)/6?
5
Suppose -1350 = -21*j + 11*j. What is the hundreds digit of (1 + -7)/((-6)/j)?
1
Suppose -1 = x - 3*k, 4*x + 7 = 3*x - 3*k. Let m = -8 - x. What is the units digit of (6/m)/((-9)/30)?
5
What is the units digit of (-1636)/(-2) + (17 - 18)?
7
Suppose 0 = -2*k - 2*j + 2946, 2*k - 4*j - 2921 = -j. What is the thousands digit of k?
1
Let a be (-1)/3 + 38/6. Let s be (15/10)/((-1)/a). What is the units digit of 1*(-3)/(s/15)?
5
Suppose -n - 24 = -37. Let j be (-8 + n)/((-1)/(-4)). Suppose 20 = w - j. What is the units digit of w?
0
Let k(h) = 2*h**3 + 4*h + 3*h**3 + 6 + 6*h**2 - 5*h**3 + h**3. Let i be (-27)/6 + (-3)/6. What is the units digit of k(i)?
1
Let w = 25 - -14. Let l = w - 35. What is the units digit of l?
4
Let x = -56 + 59. Suppose 0 = -3*t + 4*t - x, l - 4*t - 132 = 0. What is the tens digit of l?
4
What is the units digit of ((-90)/(-21))/(20/210)?
5
Suppose 6 = 4*r + 2*w, 4*r + 5*w = -r + 5. Let x = 22 + r. What is the units digit of x?
4
Suppose 5*r - 29537 = -v, -2*r + 3*v = -6944 - 4864. What is the hundreds digit of r?
9
Let q be (16/(-4) + 4)/1. Suppose q = -h + b - 17, 21 + 0 = -h + 3*b. What is the units digit of (10/h)/((-2)/108)?
6
Suppose -5*n + 4429 + 551 = 0. Suppose -4*a + 15*p + n = 10*p, 0 = -4*a - p + 1020. What is the units digit of a?
4
What is the units digit of 4 - 8 - -80 - -10?
6
Suppose -2*l + 3*o + 16 = 2*o, -2*l + 36 = 4*o. What is the units digit of l?
0
Suppose -16*v = 22*v - 144932. What is the thousands digit of v?
3
Suppose -7*s + 6519 = -2532. What is the units digit of s?
3
Let b(l) be the third derivative of -l**4/3 - 3*l**3 - 3*l**2. What is the tens digit of b(-13)?
8
Let d(j) be the third derivative of j**4/8 - 7*j**3/6 - 6*j**2. What is the tens digit of d(9)?
2
Let l(q) = q**2 - 4*q + 3. Let x(r) = 4*r - 4*r**2 + 4*r + 3*r**2 + r - 2. Let o be x(8). What is the tens digit of l(o)?
1
Suppose 2*s - 10 - 10 = 0. Let y = 60 + s. What is the tens digit of y?
7
Let a(x) = 34*x**2 + 9*x + 6. What is the tens digit of a(-5)?
1
Suppose -14*j + 10*j = -100. Let u be 15/(-1) - (-3 - -3). Let k = j + u. What is the units digit of k?
0
Let i = -1248 + 1855. What is the units digit of i?
7
Suppose -8*j = -2 - 46. Let h(f) = f**2 - f + 3. What is the units digit of h(j)?
3
Let a(h) = -9*h - 3. Let r(f) = -17*f - 5. Let d(y) = -5*a(y) + 2*r(y). What is the units digit of d(2)?
7
Let b be (10/15)/((-4)/(-54)). What is the units digit of (-3)/b*-15 - -3?
8
Suppose -3*f = -t + 1, -4*t - 6 = 3*f + 5. What is the units digit of 1/(2*t/(-236))?
9
Let h = 147 - 146. What is the units digit of h?
1
What is the tens digit of -2 + 4 + -4 + 4216/8?
2
Let a = 22 + -20. Suppose 5*c = a*d - 100, 2*d + 2*c - 82 = -2*c. What is the units digit of d?
5
Let v = 1961 - 1480. What is the hundreds digit of v?
4
Let c = 6 - 4. Suppose 263 = -3*i + 8*i - c*b, -4*i - 4*b + 188 = 0. What is the units digit of i?
1
Let s = -228 + 391. Let f = s - 78. What is the units digit of f?
5
Suppose -5*z + 14 = -11. Suppose -33 = -z*l - 3*t, 29 = l + 4*l + 4*t. What is the units digit of l?
9
Suppose 0 = 5*p - 2*f - 0*f - 165, 85 = 3*p - 4*f. Let a = p - -1. What is the units digit of a?
6
Let s(n) = 8*n**3 - 12*n - 11. Let q(m) = -m**3 + m**2. Let t(d) = -6*q(d) - s(d). What is the units digit of t(-7)?
9
Suppose 0 = -j + 2*j - 453. What is the tens digit of j?
5
Suppose 0 = -7*l - l + 7512. What is the tens digit of l?
3
What is the tens digit of (1015 - 63) + 1/(-1)*-6?
5
Suppose 2*n + 206 = -5*y, -7*n + 8*n - 2 = 0. Let m = -1 - y. What is the units digit of m?
1
Let u(w) = 35*w - 105. What is the tens digit of u(35)?
2
Let k(z) = -z**2 - 13*z - 11 + 9*z - 7*z - z. Let p be k(-11). Suppose 225 = 5*j + t, 2*j = -p*j + 5*t + 63. What is the units digit of j?
4
Let i(w) = -7*w - 18. Let x be i(8). What is the units digit of x/(-10) - 18/45?
7
Let r(v) = v**3 - 6*v**2 - 3*v - 7. Let i be r(7). Let k = i + -49. Let y = 23 - k. What is the units digit of y?
1
Suppose -4*s + 689 = -0*k + 5*k, 3 = -k. What is the hundreds digit of 1 - (5 + (5 - s))?
1
Let m be 2/(0 - (2 + -1)). What is the tens digit of ((-693)/45)/(m/10)?
7
Let i = -1373 + 2989. What is the thousands digit of i?
1
Let c(x) = -x**3 + 21*x - 12*x - 8*x. Let k be c(-1). Suppose 2*s + 2*r - 20 = k, 3*s - 26 + 8 = r. What is the u